{"id":19,"date":"2022-09-06T07:15:42","date_gmt":"2022-09-06T07:15:42","guid":{"rendered":"https:\/\/parkhaus-bohus-center.de\/?page_id=19"},"modified":"2023-06-26T09:38:10","modified_gmt":"2023-06-26T09:38:10","slug":"kontakt","status":"publish","type":"page","link":"https:\/\/parkhaus-bohus-center.de\/?page_id=19","title":{"rendered":"Kontakt"},"content":{"rendered":"\n<div class=\"wp-block-columns is-layout-flex wp-container-core-columns-is-layout-9d6595d7 wp-block-columns-is-layout-flex\">\n<div class=\"wp-block-column is-layout-flow wp-block-column-is-layout-flow\">\n<div class=\"wp-block-contact-form-7-contact-form-selector\">\n<div class=\"wpcf7 no-js\" id=\"wpcf7-f109-o1\" lang=\"de-DE\" dir=\"ltr\" data-wpcf7-id=\"109\">\n<div class=\"screen-reader-response\"><p role=\"status\" aria-live=\"polite\" aria-atomic=\"true\"><\/p> <ul><\/ul><\/div>\n<form action=\"\/index.php?rest_route=%2Fwp%2Fv2%2Fpages%2F19#wpcf7-f109-o1\" method=\"post\" class=\"wpcf7-form init\" aria-label=\"Kontaktformular\" novalidate=\"novalidate\" data-status=\"init\">\n<fieldset class=\"hidden-fields-container\"><input type=\"hidden\" name=\"_wpcf7\" value=\"109\" \/><input type=\"hidden\" name=\"_wpcf7_version\" value=\"6.1.5\" \/><input type=\"hidden\" name=\"_wpcf7_locale\" value=\"de_DE\" \/><input type=\"hidden\" name=\"_wpcf7_unit_tag\" value=\"wpcf7-f109-o1\" \/><input type=\"hidden\" name=\"_wpcf7_container_post\" value=\"0\" \/><input type=\"hidden\" name=\"_wpcf7_posted_data_hash\" value=\"\" \/>\n<\/fieldset>\n<p><label> Ihr Name<br \/>\n<span class=\"wpcf7-form-control-wrap\" data-name=\"your-name\"><input size=\"40\" maxlength=\"400\" class=\"wpcf7-form-control wpcf7-text wpcf7-validates-as-required\" aria-required=\"true\" aria-invalid=\"false\" value=\"\" type=\"text\" name=\"your-name\" \/><\/span> <\/label>\n<\/p>\n<p><label> Ihre E-Mail-Adresse<br \/>\n<span class=\"wpcf7-form-control-wrap\" data-name=\"your-email\"><input size=\"40\" maxlength=\"400\" class=\"wpcf7-form-control wpcf7-email wpcf7-validates-as-required wpcf7-text wpcf7-validates-as-email\" aria-required=\"true\" aria-invalid=\"false\" value=\"\" type=\"email\" name=\"your-email\" \/><\/span> <\/label>\n<\/p>\n<p><label> Betreff<br \/>\n<span class=\"wpcf7-form-control-wrap\" data-name=\"your-subject\"><input size=\"40\" maxlength=\"400\" class=\"wpcf7-form-control wpcf7-text wpcf7-validates-as-required\" aria-required=\"true\" aria-invalid=\"false\" value=\"\" type=\"text\" name=\"your-subject\" \/><\/span> <\/label>\n<\/p>\n<p><label> Ihre Nachricht<br \/>\n<span class=\"wpcf7-form-control-wrap\" data-name=\"your-message\"><textarea cols=\"40\" rows=\"10\" maxlength=\"2000\" class=\"wpcf7-form-control wpcf7-textarea\" aria-invalid=\"false\" name=\"your-message\"><\/textarea><\/span> <\/label>\n<\/p>\n<p>Bitte geben Sie den Code ein: <input type=\"hidden\" name=\"_wpcf7_captcha_challenge_captcha-170\" value=\"3664495682\" \/><img loading=\"lazy\" decoding=\"async\" class=\"wpcf7-form-control wpcf7-captchac wpcf7-captcha-captcha-170\" width=\"72\" height=\"24\" alt=\"captcha\" src=\"https:\/\/parkhaus-bohus-center.de\/wp-content\/uploads\/wpcf7_captcha\/3664495682.png\" \/><br \/>\n<span class=\"wpcf7-form-control-wrap\" data-name=\"captcha-170\"><input size=\"4\" maxlength=\"4\" class=\"wpcf7-form-control wpcf7-captchar\" autocomplete=\"off\" aria-invalid=\"false\" value=\"\" type=\"text\" name=\"captcha-170\" \/><\/span>\n<\/p>\n<p><input class=\"wpcf7-form-control wpcf7-submit has-spinner\" type=\"submit\" value=\"Senden\" \/>\n<\/p><div class=\"wpcf7-response-output\" aria-hidden=\"true\"><\/div>\n<\/form>\n<\/div>\n<\/div>\n<\/div>\n<\/div>\n\n\n\n<h2 class=\"wp-block-heading\"><strong>Parkhaus Schlie\u00dfung<\/strong><\/h2>\n\n\n\n<p>Ab dem <strong>03.07.2023<\/strong> wird unser Parkhaus vollsaniert. Aus diesem Grund <strong>schlie\u00dfen wir<\/strong> f\u00fcr voraussichtlich 9-12 Monate.<\/p>\n\n\n\n<p>Haben Sie nach der Sanierung Interesse an einem Dauerstellplatz?<\/p>\n\n\n\n<p>Gern nehmen wir Sie auf die Interessentenliste auf.<\/p>\n\n\n\n<p>Rufen Sie uns dazu einfach an, oder schreiben Sie uns eine Email.<\/p>\n\n\n\n<p>Ihr Bohus-Center-Parkhaus Augsburg Team<\/p>\n\n\n\n<div class=\"wp-block-columns is-layout-flex wp-container-core-columns-is-layout-9d6595d7 wp-block-columns-is-layout-flex\">\n<div class=\"wp-block-column is-layout-flow wp-block-column-is-layout-flow\" style=\"flex-basis:33.33%\"><\/div>\n\n\n\n<div class=\"wp-block-column is-layout-flow wp-block-column-is-layout-flow\" style=\"flex-basis:66.66%\">\n<p><\/p>\n<\/div>\n<\/div>\n\n\n\n<p>Tel: 0821 34656-13<\/p>\n\n\n\n<p>Mail: hallo(@)parkhaus-bohus-center.de &nbsp;<\/p>\n\n\n\n<p style=\"font-size:18px\">Bohus Center Parkhaus<\/p>\n\n\n\n<p style=\"font-size:18px\">Halderstrasse 29<\/p>\n\n\n\n<p style=\"font-size:18px\">86150 Augsburg<\/p>\n","protected":false},"excerpt":{"rendered":"<p>Parkhaus Schlie\u00dfung Ab dem 03.07.2023 wird unser Parkhaus vollsaniert. Aus diesem Grund schlie\u00dfen wir f\u00fcr voraussichtlich 9-12 Monate. Haben Sie nach der Sanierung Interesse an einem Dauerstellplatz? Gern nehmen wir Sie auf die Interessentenliste auf. Rufen Sie uns dazu einfach an, oder schreiben Sie uns eine Email. Ihr Bohus-Center-Parkhaus Augsburg Team Tel: 0821 34656-13 Mail: [&hellip;]<\/p>\n","protected":false},"author":1,"featured_media":0,"parent":0,"menu_order":0,"comment_status":"closed","ping_status":"closed","template":"","meta":{"footnotes":""},"class_list":["post-19","page","type-page","status-publish","hentry"],"_links":{"self":[{"href":"https:\/\/parkhaus-bohus-center.de\/index.php?rest_route=\/wp\/v2\/pages\/19","targetHints":{"allow":["GET"]}}],"collection":[{"href":"https:\/\/parkhaus-bohus-center.de\/index.php?rest_route=\/wp\/v2\/pages"}],"about":[{"href":"https:\/\/parkhaus-bohus-center.de\/index.php?rest_route=\/wp\/v2\/types\/page"}],"author":[{"embeddable":true,"href":"https:\/\/parkhaus-bohus-center.de\/index.php?rest_route=\/wp\/v2\/users\/1"}],"replies":[{"embeddable":true,"href":"https:\/\/parkhaus-bohus-center.de\/index.php?rest_route=%2Fwp%2Fv2%2Fcomments&post=19"}],"version-history":[{"count":13,"href":"https:\/\/parkhaus-bohus-center.de\/index.php?rest_route=\/wp\/v2\/pages\/19\/revisions"}],"predecessor-version":[{"id":167,"href":"https:\/\/parkhaus-bohus-center.de\/index.php?rest_route=\/wp\/v2\/pages\/19\/revisions\/167"}],"wp:attachment":[{"href":"https:\/\/parkhaus-bohus-center.de\/index.php?rest_route=%2Fwp%2Fv2%2Fmedia&parent=19"}],"curies":[{"name":"wp","href":"https:\/\/api.w.org\/{rel}","templated":true}]}}